 0. Let l = -33 - v. What is the greatest common divisor of l and 28?
14
Let t(m) = 26*m - 1. Let n be t(-1). Let z = n + 91. Suppose 0 = -2*u - 3*j + 13, -3*u + 0*j + j = -25. What is the highest common divisor of u and z?
8
Let q(u) = 4*u + 2 + 1 - 3. Let r be q(1). What is the highest common factor of 12 and r?
4
Suppose -a + 4 = -2*a + 5*c, -2*a + 44 = 3*c. Let r = -61 + 85. What is the greatest common divisor of a and r?
8
Suppose -86*o + 91*o = 540. Calculate the greatest common divisor of o and 54.
54
Let y(m) = m**2 - 8*m - 10. Let v be y(10). Calculate the highest common factor of 70 and v.
10
Let c be 56*(3/(-6))/1. Let o = c + 44. Calculate the highest common factor of o and 176.
16
Let l = -49 - -71. Let a = 270 - 116. What is the greatest common factor of a and l?
22
Suppose -5*f = f - 156. What is the greatest common divisor of 182 and f?
26
Suppose 4*v = -c - 674, 5*v + 3*c - c = -841. Let n = v + 268. What is the greatest common factor of 11 and n?
11
Let z = -100 + 50. Let l be (-72)/10*z/4. What is the greatest common divisor of l and 10?
10
Let s be (-4)/14 + (-92)/(-28). Suppose s = 5*p - 2. Let y be (-129)/(-9) + p/(-3). What is the highest common divisor of 14 and y?
14
Let v be 2 + 2/((-2)/(-1)). Suppose v*f - 53 = -s, -3*s + 223 = 2*s + f. Suppose 0 = 2*b + 12 - s. Calculate the greatest common divisor of b and 80.
16
Suppose -2*i + 6 = 2. What is the highest common factor of i and 2?
2
Let k be (1 + (-1 - 2))*-16. Suppose 20 = h + 4*d, 0*h + 4*d = -2*h + k. Calculate the greatest common divisor of h and 12.
12
Suppose -5*u + 25 = d, u - 50 = -2*d + 2*u. Calculate the highest common factor of 175 and d.
25
Let f be (-1 - 131)*4/(-3). Let a(b) = -13*b - 238. Let z be a(-20). What is the greatest common factor of z and f?
22
Let o = 19 - 13. Calculate the highest common factor of 78 and o.
6
Let w(p) = -p + 6. Let r be w(0). Let a be 35/3*r*1. Suppose 0*i + 2*i - 20 = 0. Calculate the highest common factor of i and a.
10
Suppose 37*q + 15 = 40*q. Calculate the highest common divisor of 35 and q.
5
Let z(c) = c + 14. Let b be z(-6). Let f(t) = -2*t + 16. Let j be f(-12). Calculate the greatest common divisor of b and j.
8
Suppose 3*z - 33 = -3*l, -2*l = -3*z + 5 - 17. Let c be (54 - 0)/(2 + -1). What is the greatest common divisor of l and c?
9
Let r be ((-4)/6)/(4 - (-1623)/(-405)). Calculate the highest common divisor of r and 60.
30
Suppose 4*x + 5*h - 49 = 0, -3*x + 3*h + 30 = -0*x. Suppose 2*p + 0*p + 6 = 0, -4*p - x = y. What is the highest common factor of y and 3?
1
Let r = -276 + 501. What is the highest common divisor of 45 and r?
45
Let p be 123 - -5 - -3*1. Let w be p/3 - (-3)/9. What is the highest common divisor of w and 11?
11
Let r = 35 + -17. Suppose b - 21 = r. Suppose -2*y = 4, h = y + 13 + b. Calculate the greatest common divisor of h and 125.
25
Let b = -342 - -352. Suppose -3*k - k = -8. Suppose -2*q + 36 = 2*x - 8, -3*x - 34 = -k*q. What is the greatest common factor of q and b?
10
Suppose 3*l = 10*l - 231. What is the highest common factor of 231 and l?
33
Let g = 3 + 3. Suppose 2*m = -2*m + 36. Calculate the greatest common factor of m and g.
3
Suppose -3*x + 4 = x - 4*r, 10 = 5*r. What is the highest common factor of x and 12?
3
Let v(i) = 3*i**2 + 4*i - 4. Let a be v(-4). Suppose -3*s = 3*p + s + 4, 0 = -4*p + 5*s + 36. What is the greatest common factor of a and p?
4
Let w = -70 - -83. Calculate the greatest common divisor of 104 and w.
13
Let h(u) = u**2 - 2. Let m be h(4). Calculate the greatest common factor of m and 112.
14
Suppose -2*p + 10 = -0. Calculate the highest common divisor of 5 and p.
5
Let y(a) = -2*a + 1 + 5*a**2 + 0*a + 0. Let h be y(1). Suppose 2*r = h*r - 12. What is the greatest common factor of 4 and r?
2
Let t = 48 - 33. Suppose 2*a + 180 = 38*a. Calculate the highest common divisor of a and t.
5
Let q(j) = j**2 - 3*j - 10 - 2*j**2 + 17*j. Let o be q(13). Suppose y + 38 = o*z, 2*y - 2 = -2*z + 18. What is the highest common factor of z and 132?
12
Let g = 22 + -6. Suppose 5*z - g = 3*z. What is the greatest common factor of 16 and z?
8
Let h(i) = 5*i**2 - 3*i + 2. Let n be h(2). What is the highest common divisor of 8 and n?
8
Suppose -14*b - 45 = -269. What is the greatest common divisor of 8 and b?
8
Let z be 0 - -1 - (3 + -2). Let x be 165 + (-3 - (z - 3)). Calculate the greatest common divisor of 15 and x.
15
Let w = 22 + -38. Let n = w + 28. Calculate the greatest common divisor of 48 and n.
12
Suppose -648 = -4*c + 2*c. Calculate the highest common divisor of 36 and c.
36
Suppose x = -4, -3*x = 4*s + 2*x + 12. Suppose -s = 5*i + 3. Let g = i + 4. Calculate the highest common factor of g and 9.
3
Suppose -24 = -6*o + 3*o. Suppose -5*g = 2*g - 7. What is the highest common divisor of g and o?
1
Let l = -22 - -24. Suppose 0 = -i - 4*o + 7, -l*i = 4*o - 8 - 10. Calculate the greatest common factor of 77 and i.
11
Let b be 140*(28/8)/7. Calculate the highest common divisor of 28 and b.
14
Let x(j) = -35*j - 7. Let v be x(-6). Suppose -4*i = 2*n - 206, -4*i + 4*n = 5*n - v. Suppose 0*c = 3*c - 75. What is the highest common factor of c and i?
25
Suppose -4*u + 68 = 3*w, 3*u - 5*w - 90 + 10 = 0. Calculate the highest common factor of 40 and u.
20
Let b(l) = 199*l**2 + 2*l + 1. Let g be b(-1). What is the greatest common divisor of g and 18?
18
Suppose 3*n - 204 = -6. What is the greatest common factor of 99 and n?
33
Let c be (4*(-3)/6)/(-2). Let l(m) = 27*m. Let q be l(c). Let r = 50 - q. What is the highest common factor of r and 115?
23
Suppose 0 = 4*z - 3*z + 41. Let i = -29 - z. Let s(w) = w**2 - 6*w - 4. Let g be s(7). Calculate the highest common factor of i and g.
3
Let t(h) = 5*h - 8. Let a be t(4). What is the greatest common factor of a and 4?
4
Suppose 3*b = 2*l - 0*l - 141, -267 = -4*l + 3*b. Suppose 0 = 3*s - 35 + 8. What is the greatest common divisor of s and l?
9
Suppose -5*m + 4 + 21 = 0. Suppose 12 = -0*n + 3*n - m*u, 3*n = -3*u + 36. Suppose 5*z - 75 = 60. What is the greatest common factor of n and z?
9
Let m = -50 + 52. What is the highest common divisor of 5 and m?
1
Suppose 5*i + 7*u - 110 = 3*u, -66 = -3*i + 2*u. What is the greatest common divisor of 88 and i?
22
Let p = 2 - 0. Let t be 10 - 3/(-3) - p. Calculate the greatest common factor of 1 and t.
1
Suppose 0 = -2*l + 2*t + 12, 3*l = -4*t - t - 22. Suppose -j = -4*k + 8 - l, -4*j = 4*k - 52. Calculate the greatest common factor of 9 and j.
9
Suppose 4*b - 3*b = 15. Suppose 1 + 2 = g. What is the greatest common factor of b and g?
3
Let l = 35 - 27. What is the greatest common factor of 1 and l?
1
Let q(i) = -1 + 7 + 4*i - 3 - i**2 - 13*i. Let c be q(-9). What is the greatest common divisor of 9 and c?
3
Let l be 1/(-1) - 1 - 18. Let d = l + 54. Let q be (17/1)/(-3 - (-20)/6). Calculate the greatest common divisor of d and q.
17
Let w be (1 - -2) + -2 + 8. Suppose 4*d - 239 - 13 = 0. What is the greatest common divisor of d and w?
9
Let w(b) = -b**2 + 3*b + 1. Let j be w(3). What is the greatest common divisor of j and 4?
1
Suppose 208 = 4*o - 2*o. Let m = 114 - 101. Calculate the highest common factor of o and m.
13
Suppose 2*l = 3*l - 4*q + 196, 6 = 3*q. Let d = -100 - l. Let u be (3 + -7)/(2/(-4)). Calculate the greatest common factor of u and d.
8
Suppose -3*a + 5*r + 108 = 3*r, -2*a + 4*r = -72. Let w be (2/(-4))/((-6)/48). Calculate the greatest common divisor of a and w.
4
Suppose v = -5*p - 3 + 7, 4*p + 107 = 3*v. Calculate the greatest common factor of 87 and v.
29
Suppose -7*j - 5 + 47 = 0. What is the highest common divisor of j and 8?
2
Suppose r + 4*j - 12 = 15, -4*r + 108 = -4*j. Suppose -30 = -5*l + 3*v, -l - v - 2 = -0*v. Calculate the highest common divisor of r and l.
3
Suppose -h + 182 = 2*k + 5, 4*k - 2*h - 366 = 0. Calculate the highest common factor of 18 and k.
18
Suppose 0 = -4*p + d - 6*d + 112, -3*p + 84 = 5*d. What is the highest common divisor of p and 7?
7
Suppose -5*y - 57 = -t - 2, -t + y + 39 = 0. What is the highest common divisor of t and 5?
5
Let o = 78 - 274. Let s be ((-1)/2)/(2/o). Suppose 113 = 4*q + 85. Calculate the greatest common factor of q and s.
7
Let t(k) = k**2 + 8*k + 10. Let s be t(-8). Suppose 3*a - s = 2. What is the highest common divisor